st the prime factors of 2327988.
2, 3, 13, 14923
List the prime factors of 1472827.
739, 1993
What are the prime factors of 709460?
2, 5, 19, 1867
List the prime factors of 477102.
2, 3, 131, 607
List the prime factors of 621021.
3, 137, 1511
What are the prime factors of 2622028?
2, 655507
List the prime factors of 3557897.
7, 508271
What are the prime factors of 282593?
461, 613
List the prime factors of 3865551.
3, 971, 1327
List the prime factors of 771164.
2, 192791
What are the prime factors of 1240919?
23, 163, 331
What are the prime factors of 1203282?
2, 3, 22283
List the prime factors of 2964614.
2, 1482307
List the prime factors of 159968.
2, 4999
List the prime factors of 3350867.
13, 383, 673
List the prime factors of 5636633.
23, 245071
List the prime factors of 1670939.
59, 127, 223
List the prime factors of 6203.
6203
List the prime factors of 1617414.
2, 3, 17, 101, 157
List the prime factors of 119887.
101, 1187
What are the prime factors of 110644?
2, 139, 199
List the prime factors of 7587518.
2, 59, 64301
What are the prime factors of 3840501?
3, 7, 199, 919
List the prime factors of 209996.
2, 47, 1117
List the prime factors of 805158.
2, 3, 41, 1091
What are the prime factors of 18579560?
2, 5, 41, 11329
What are the prime factors of 1478349?
3, 277, 593
What are the prime factors of 598838?
2, 299419
What are the prime factors of 1368266?
2, 19, 36007
List the prime factors of 131533.
31, 4243
What are the prime factors of 830377?
149, 5573
List the prime factors of 2538234.
2, 3, 23, 6131
What are the prime factors of 1105762?
2, 7, 19, 4157
What are the prime factors of 250485?
3, 5, 16699
List the prime factors of 5166245.
5, 7, 147607
What are the prime factors of 409189?
11, 37199
What are the prime factors of 1260311?
13, 29, 3343
What are the prime factors of 33306?
2, 3, 7, 13, 61
What are the prime factors of 159379?
11, 14489
List the prime factors of 6037179.
3, 37, 137, 397
What are the prime factors of 36623?
53, 691
List the prime factors of 141195.
3, 5, 9413
What are the prime factors of 1100807?
1100807
What are the prime factors of 4781073?
3, 11, 13171
What are the prime factors of 5195894?
2, 11, 59, 4003
What are the prime factors of 930786?
2, 3, 53, 2927
List the prime factors of 14153896.
2, 127, 13931
List the prime factors of 935476.
2, 17, 13757
What are the prime factors of 6044588?
2, 11, 17, 8081
List the prime factors of 693716.
2, 173429
What are the prime factors of 838740?
2, 3, 5, 7, 1997
What are the prime factors of 80762?
2, 11, 3671
List the prime factors of 689454.
2, 3, 38303
List the prime factors of 14409098.
2, 11, 17, 59, 653
What are the prime factors of 217218?
2, 3, 41, 883
What are the prime factors of 330222?
2, 3, 47, 1171
List the prime factors of 915377.
23, 39799
List the prime factors of 424691.
599, 709
List the prime factors of 4128717.
3, 139, 9901
List the prime factors of 210078.
2, 3, 11, 1061
List the prime factors of 127696.
2, 23, 347
What are the prime factors of 391170?
2, 3, 5, 13, 17, 59
What are the prime factors of 13549055?
5, 13, 59, 3533
List the prime factors of 15829712.
2, 317, 3121
What are the prime factors of 374791?
131, 2861
What are the prime factors of 291921?
3, 7, 13901
What are the prime factors of 665584?
2, 17, 2447
What are the prime factors of 1958867?
1958867
What are the prime factors of 114369?
3, 67, 569
What are the prime factors of 6104333?
73, 83621
List the prime factors of 1906805.
5, 17, 22433
List the prime factors of 1685609.
37, 45557
What are the prime factors of 11906398?
2, 7, 850457
What are the prime factors of 89381?
89381
What are the prime factors of 225512?
2, 7, 4027
List the prime factors of 10479.
3, 7, 499
List the prime factors of 1754157.
3, 584719
What are the prime factors of 7718661?
3, 857629
List the prime factors of 7909178.
2, 433, 9133
List the prime factors of 15485673.
3, 7, 737413
What are the prime factors of 2000729?
601, 3329
List the prime factors of 4013793.
3, 7, 7079
What are the prime factors of 783336?
2, 3, 127, 257
List the prime factors of 3421820.
2, 5, 171091
List the prime factors of 13166901.
3, 11, 43, 1031
List the prime factors of 2382979.
2382979
What are the prime factors of 10077436?
2, 59, 42701
What are the prime factors of 371084?
2, 7, 29, 457
List the prime factors of 1569529.
13, 157, 769
What are the prime factors of 71518?
2, 35759
List the prime factors of 36275.
5, 1451
List the prime factors of 84744.
2, 3, 11, 107
List the prime factors of 411505.
5, 82301
What are the prime factors of 176473?
11, 61, 263
List the prime factors of 2306461.
1489, 1549
What are the prime factors of 2200041?
3, 157, 173
List the prime factors of 303627.
3, 101209
What are the prime factors of 806427?
3, 89603
What are the prime factors of 893198?
2, 197, 2267
List the prime factors of 4726924.
2, 1181731
List the prime factors of 115765.
5, 13, 137
List the prime factors of 16528888.
2, 2066111
List the prime factors of 303594.
2, 3, 50599
What are the prime factors of 664423?
31, 21433
What are the prime factors of 68567?
68567
What are the prime factors of 3062987?
41, 74707
List the prime factors of 1226652.
2, 3, 7, 17, 859
List the prime factors of 790611.
3, 263537
What are the prime factors of 883592?
2, 17, 73, 89
List the prime factors of 6370715.
5, 13, 98011
List the prime factors of 3501620.
2, 5, 175081
What are the prime factors of 5960096?
2, 186253
List the prime factors of 1136902.
2, 13, 73, 599
What are the prime factors of 464345?
5, 7, 13267
What are the prime factors of 838944?
2, 3, 971
List the prime factors of 6097772.
2, 29, 52567
List the prime factors of 6189504.
2, 3, 32237
List the prime factors of 325905.
3, 5, 21727
List the prime factors of 156537.
3, 17393
What are the prime factors of 3817767?
3, 1272589
List the prime factors of 102772.
2, 25693
List the prime factors of 6886224.
2, 3, 17, 29, 97
List the prime factors of 472855.
5, 17, 5563
What are the prime factors of 653877?
3, 7, 97, 107
What are the prime factors of 2358407?
59, 71, 563
What are the prime factors of 191061?
3, 13, 23, 71
What are the prime factors of 9126145?
5, 7, 260747
List the prime factors of 16105546.
2, 8052773
List the prime factors of 26769187.
41, 53, 97, 127
List the prime factors of 483797.
19, 25463
List the prime factors of 12743.
12743
What are the prime factors of 10054955?
5, 607, 3313
List the prime factors of 1769088.
2, 3, 17, 271
What are the prime factors of 3985808?
2, 23, 10831
What are the prime factors of 336997?
336997
What are the prime factors of 5578541?
71, 78571
List the prime factors of 13146503.
13146503
What are the prime factors of 239925?
3, 5, 7, 457
List the prime factors of 24861302.
2, 59, 3571
What are the prime factors of 373965?
3, 5, 107, 233
What are the prime factors of 2369357?
19, 124703
List the prime factors of 1955916.
2, 3, 54331
What are the prime factors of 3208467?
3, 101, 10589
List the prime factors of 1164828.
2, 3, 7, 283
What are the prime factors of 110612?
2, 27653
What are the prime factors of 2756675?
5, 31, 3557
What are the prime factors of 4838?
2, 41, 59
What are the prime factors of 7714034?
2, 79, 48823
List the prime factors of 245585.
5, 49117
List the prime factors of 10401835.
5, 19, 223, 491
What are the prime factors of 4951306?
2, 2475653
List the prime factors of 8938907.
1223, 7309
What are the prime factors of 1696291?
1696291
List the prime factors of 519582.
2, 3, 7, 89, 139
What are the prime factors of 11235135?
3, 5, 313, 2393
List the prime factors of 175901.
11, 15991
List the prime factors of 10125957.
3, 23, 101, 1453
What are the prime factors of 7349983?
7349983
List the prime factors of 458940.
2, 3, 5, 7649
List the prime factors of 6935042.
2, 3467521
List the prime factors of 527162.
2, 29, 61, 149
What are the prime factors of 3014599?
7, 127, 3391
List the prime factors of 786768.
2, 3, 37, 443
List the prime factors of 4128333.
3, 11, 125101
What are the prime factors of 3852240?
2, 3, 5, 7, 2293
What are the prime factors of 1223339?
13, 139, 677
What are the prime factors of 3125262?
2, 3, 7, 74411
List the prime factors of 380460.
2, 3, 5, 17, 373
What are the prime 